10. List the prime factors of q.
2, 3, 7
Let k(c) = -c + 8*c + 0*c - c**2. Let i be 77/15 - 134/1005. List the prime factors of k(i).
2, 5
Let r be 1 + 3 + (-8 - -8). Suppose 2*f - 49 = -3*z, -r*z = -0*f + 3*f - 76. What are the prime factors of (98/8)/(8/f)?
7
Let p = 592 - 353. List the prime factors of p.
239
Let o = -65 - -38. Let j be 26*66/(-55)*5/(-4). Let k = o + j. What are the prime factors of k?
2, 3
Suppose -4*y = 5*r - 211, -5*y + 251 = 3*r - r. Let v = -116 + 91. Let d = y + v. List the prime factors of d.
2, 3
Let q(y) = y**2 - 5. Let r be q(-2). What are the prime factors of (4 - 3)/(r/(-77))?
7, 11
Let g = 9 + 3. Suppose 2*n = 5*n - g. Suppose n*p = 12 + 4. List the prime factors of p.
2
Suppose 1981 - 476 = b. List the prime factors of b.
5, 7, 43
Let g be (-2)/4*280/(-4). Suppose -a = -5*a - 5*z + g, 0 = 2*a + 2*z - 16. Suppose -a*m = -13 - 27. What are the prime factors of m?
2
Let r = 146 + -124. Suppose 0 = -0*b - 4*b + 5*a - 42, 4*b - a + 34 = 0. Let v = r + b. List the prime factors of v.
2, 7
Let v = -258 - -1766. List the prime factors of v.
2, 13, 29
Let v(q) = -3*q**2 + 19*q - 1. Let y be v(6). Suppose y*i - 2*w = 622, 5*i + 8*w = 6*w + 638. What are the prime factors of i?
2, 3, 7
Let l be (-20)/(3 - -2 - 6). Suppose -b + 0*b - 3 = 4*d, 0 = -b + 5*d + 24. List the prime factors of b/2*l/3.
2, 3, 5
Let l(w) = 71*w - 176. List the prime factors of l(5).
179
Let w = 11 + -32. List the prime factors of 80/(-14)*w/6.
2, 5
Let l(h) = -2*h + 11. Let b(k) = k - 1. Let f(p) = -3*b(p) - l(p). Let y be f(-10). Suppose -2*n + 28 = -5*z - 0*z, -8 = y*z. What are the prime factors of n?
2
Suppose 27*h = 23*h + 84. Let k = h + -23. List the prime factors of 2/((12/(-183))/k).
61
Let m = -1 + 6. Suppose -m*a = 15, 3*a - 6 = 2*l - 273. What are the prime factors of l?
3, 43
Suppose -7*h + 6195 = -504. What are the prime factors of h?
3, 11, 29
Let h = 11 - 7. Let u be (h/(-1) - 21)*1. List the prime factors of 864/15 + 15/u.
3, 19
Let g(f) be the second derivative of 17*f**5/4 + f**3/3 - f**2 - 32*f. What are the prime factors of g(1)?
5, 17
Let p = 177 - 45. Suppose -5*v + 365 = 65. Suppose -v - p = -4*c. What are the prime factors of c?
2, 3
Let i(u) = 26*u - 13. What are the prime factors of i(14)?
3, 13
Suppose -3*n - m = -2355, -18*m - 2355 = -3*n - 13*m. List the prime factors of n.
5, 157
Suppose -5990 = -5*k - 3*t, 1637 = -4*k + 4*t + 6461. List the prime factors of k.
1201
Suppose -2*f + 899 = 3*v, 0 = f - 4*v - 75 - 369. List the prime factors of f.
2, 7
Let m(x) = -x**3 - 24*x**2 - 43*x + 12. List the prime factors of m(-26).
2, 17, 73
Suppose 6547 = 3*g + 5*j - 4*j, 5*j = 4*g - 8723. List the prime factors of g.
2, 1091
Let v be -7*5/10*2. What are the prime factors of 3 - v - (3 + -3)?
2, 5
Let t be (0 + 1 - 0) + 18. Let d(i) = i**2 - 10*i. Let b be d(9). Let u = t + b. List the prime factors of u.
2, 5
Let q(v) be the first derivative of -v**2/2 - 6. Let z be q(-3). Suppose -2*f = 4, -z*f - f + 137 = 5*j. List the prime factors of j.
29
Let w(j) = 15*j**2 + 2*j + 52. List the prime factors of w(6).
2, 151
Suppose 3*f + 244 = 1672. List the prime factors of f.
2, 7, 17
Let i be (-3)/((-28)/(-16) + -1). Let l be (i/3)/((-3)/(-9)). What are the prime factors of (-87)/l + (-1)/(-4)?
2, 11
Suppose b - 5*i = -92, 5*b + i + 412 = 2*i. Let j = -30 - b. What are the prime factors of j?
2, 13
Let v be (65/(-39))/((-10)/12). Suppose r + 238 = v*f - 0*f, 0 = -2*f - 5*r + 214. What are the prime factors of f?
3, 13
Let v = 850 + 953. What are the prime factors of v?
3, 601
Suppose 11*b - 6*b = 780. Let q(p) = p**3 + 5*p**2 + p + 9. Let l be q(-5). Suppose 2*y = -l*y + b. What are the prime factors of y?
2, 13
Suppose 5*r = 3 + 12. Suppose -4*a + 67 = j, r + 19 = a + 2*j. Let v(x) = -x**2 + 19*x. What are the prime factors of v(a)?
2, 3
Let d(l) = 4*l - 5. Let r(j) = 3*j - 4. Let s(v) = -4*d(v) + 5*r(v). Let m be s(-4). What are the prime factors of m/(-1) - (-44 + 0)?
2, 5
Let y = 1691 + -1123. What are the prime factors of y?
2, 71
Let o(p) = -20*p + 82. Let z be -17 + 1 - (7 - 12). What are the prime factors of o(z)?
2, 151
Let y(b) be the third derivative of 31*b**5/60 + b**4/4 + 5*b**3/6 + 27*b**2. List the prime factors of y(-2).
3, 13
Let g(j) = j**3 - 21*j**2 - 8*j + 210. What are the prime factors of g(22)?
2, 7, 37
Let f(i) = 8*i**2 - 11*i + 12. Let a be f(6). Let c = a - 134. List the prime factors of c.
2, 5
Let q(k) be the second derivative of 5/2*k**2 - 7*k + 1/6*k**3 + 1/20*k**5 - 1/3*k**4 + 0. What are the prime factors of q(4)?
3
Let p(x) = -3*x**3 + 9*x + 53. List the prime factors of p(-4).
11, 19
Let h be 25/2*24/5. Let c = h + -88. Let n = c - -43. List the prime factors of n.
3, 5
Let w = 3660 + -2032. List the prime factors of w.
2, 11, 37
Suppose 0 = -3*p - 2*p. Suppose p = -19*h + 22*h - 480. Suppose h = 5*g - 5*l, -g + 36 = -2*l + 3*l. List the prime factors of g.
2, 17
Let y(i) = 59*i**2 - 2*i - 3. Let o(n) = n**2 - 10*n + 8. Let p be o(9). What are the prime factors of y(p)?
2, 29
Suppose 15*n + 8*n = 10718. List the prime factors of n.
2, 233
Let g = -9 + 9. Suppose g = -u + 73 - 16. Suppose u + 38 = 5*v. List the prime factors of v.
19
Let h(y) = -22*y + 38. Let g(m) = 11*m - 19. Let u(r) = -11*g(r) - 6*h(r). List the prime factors of u(7).
2, 29
Let l = 134 - 83. Suppose -l = -2*o - o. What are the prime factors of o?
17
Let d(r) = r**3 + 29*r**2 - 21*r - 60. What are the prime factors of d(-27)?
3, 5, 131
Suppose -580 = -6*s + 2*s. What are the prime factors of 3 + (s - (-1 + 4))?
5, 29
Let n be -1 - (6/(-2) - -4). Let p(s) = 8*s**2 + 2*s + 1. Let z be p(n). Suppose z - 2 = 3*k. List the prime factors of k.
3
Let h be 8/6*(9 + -6). Suppose -5*z = -10, -3*z + 6 + h = n. Suppose 0 = -g + 11 + n. What are the prime factors of g?
3, 5
Suppose 6*x - 2*x - 4 = 0. Suppose -4*a = -j - 128, 12*j = 9*j - 5*a - 299. List the prime factors of (x - j/(-8))*-2.
5
Let x be ((-18)/12)/((-9)/24). Suppose -150 = v - x*v. Suppose -2*r = 10, 0 = -3*c - 2*r - v + 211. List the prime factors of c.
3, 19
Let i = 81 + 110. List the prime factors of i.
191
Let o(t) = 10*t**2 - 9*t - 5. Let f(g) = -19*g**2 + 17*g + 9. Let y(h) = -6*f(h) - 11*o(h). What are the prime factors of y(-3)?
2, 23
Suppose 0*h = 2*w + 2*h - 1112, 4*w + 2*h = 2220. List the prime factors of w.
2, 277
Let a be 8/(-40) + (-61)/(-5). Suppose 0 = r - a - 13. List the prime factors of r.
5
Let f be (7 + 29)*(-2)/3. Let t(l) = -l - 11. Let y be t(-6). Let q = y - f. List the prime factors of q.
19
Let z be (-6)/(-10) - (-32)/5. Let r(o) = o**2 - 8*o + 6. Let k be r(z). What are the prime factors of 1/(k/39*-1)?
3, 13
Let a(k) = -k - 1. What are the prime factors of a(-6)?
5
Let i(b) = -b**2 - 4*b - 7. Let t be i(-5). Let v(p) = p**3 + 11*p**2 - 16*p - 5. List the prime factors of v(t).
43
Suppose -s - 3*s - 666 = 3*g, 3*s - 1081 = 5*g. Let k be (-10)/55 + g/11. Let q = k - -38. List the prime factors of q.
2, 3
Let q(x) be the first derivative of -x**4/4 - 5*x**3/3 + x**2/2 - 8*x + 2. Suppose -3*b + c + 2 - 24 = 0, b = 3*c - 18. What are the prime factors of q(b)?
2, 11
Let y be 1/(-5) - (-55)/25 - -33. What are the prime factors of ((-930)/y)/(9/(-42))?
2, 31
Let v(f) = -f**3 + 3*f**2 - 3*f. Let g be v(3). Let y be (-2)/(2/g)*-2. What are the prime factors of (-40)/(-6)*y/(-12)?
2, 5
Let f(p) = -p**3 + 7*p**2 + 9*p - 3. Let d be f(8). Suppose d*q = -4 + 19. Suppose -q*v + v = -56. List the prime factors of v.
2, 7
Let o(n) = -n**2 - 17*n + 69. List the prime factors of o(-9).
3, 47
Let y(f) = 78*f**2 - 56*f + 275. What are the prime factors of y(7)?
3, 5, 13, 19
Let q be ((-2)/(-4) - 2)*1040/6. Let v = q + 458. List the prime factors of v.
2, 3, 11
What are the prime factors of -4 + ((-10)/3)/((-3)/828)?
2, 229
Suppose n = 6 + 3. Suppose -n*y + 8*y + 16 = 0. List the prime factors of y.
2
Let r(i) = -i**2 + 20*i - 7. Suppose -3 - 5 = -k. What are the prime factors of r(k)?
89
Suppose -2*k - 112 = -5*t, -t + 52 = 2*t - 5*k. Suppose -3*u - t = -75. List the prime factors of u.
17
Let p = 11 - 15. Let f = 215 + -228. Let d = p - f. What are the prime factors of d?
3
Suppose 3*k - 3 = 2*k, n = 2*k + 178. Let o(l) = -l**3 + 13*l**2 + 10*l - 130. Let t be o(